= 1 + v. What is the units digit of n?
2
Let h = 46 - 25. What is the tens digit of h?
2
Let r(b) = 4*b - 8. What is the tens digit of r(11)?
3
What is the units digit of (-4)/(-10) + ((-403)/(-5) - -1)?
2
Let p(q) = -q + 4. Let k be p(3). Let m be ((-2)/5)/(k/15). Let x = -5 - m. What is the units digit of x?
1
Let n be (2 - 1)/(2/8). Let w = -2 + 2. Suppose -4*h + 4 + n = w. What is the units digit of h?
2
Suppose 12 = j + 3*j. Let c be 3/(-2)*(1 - j). Suppose -5*q + 55 = -5*s, -4*q - 5*s + 5 = -c. What is the units digit of q?
7
Let i be (-2)/(-7) - (-2)/(-7). Let q(m) be the second derivative of m**5/20 - m**4/12 + 2*m**2 + m. What is the units digit of q(i)?
4
Suppose 2*w = 6*m - 2*m + 6, m = -w + 3. Suppose -z - 3 + 12 = m. What is the units digit of z?
9
What is the tens digit of (8/(-6))/((-2)/69)?
4
Suppose 5*t - 4 = 4*x, 4*t = -0*t. Let u be (-18)/(-12)*(-15 - x). Let c = u - -29. What is the units digit of c?
8
Let o(h) = h**3 - 3*h**2 - 7*h + 5. Let j be 3 + (0/(-2))/3. Suppose -j*x + 8 + 7 = 0. What is the units digit of o(x)?
0
Let m(z) = z**3 + 11*z**2 + 12*z - 18. What is the units digit of m(-8)?
8
Let c be 36/(-6)*3/(-9). Suppose 0 = c*r + 2*r - 4. What is the units digit of r?
1
Suppose 0 = 2*a + 2*u + 6, 0 = 2*a - 4*u + 2*u - 14. What is the units digit of ((-9)/(-12))/(a/24)?
9
Let z(a) = 4*a - 12. Let r(n) = 3*n - 11. Let c(l) = -5*r(l) + 4*z(l). What is the units digit of c(14)?
1
Let n be 4/6 + 4/3. Suppose -u + 0*u - 8 = -2*b, 3*b + n*u = 5. Suppose -3*h + 15 = 3*w - 0*h, -b*w - 5*h + 9 = 0. What is the units digit of w?
8
Let r be 114/27 + (-2)/9. Suppose -r*l + 10 = 3*i - i, -4*i - 45 = -5*l. Suppose l*h - 8 - 12 = 0. What is the units digit of h?
4
Suppose -360 = -5*b + 705. What is the units digit of b?
3
Let x(k) = -k**2 - 2*k + 11. What is the units digit of x(0)?
1
Let c be (-4)/(-8)*(1 - 1). Let l = c + 2. What is the units digit of 14 - 3/2*l?
1
Let i = 8 + -6. Let q be -2 - -18 - i/(-2). Suppose -4*a = -q - 43. What is the tens digit of a?
1
Let j(m) = 2*m - 2. Let v be j(-4). Let p be v/(-25) + 4/(-10). Suppose 3*n = 9, p = 2*o - 2*n - 4. What is the units digit of o?
5
What is the units digit of 364/18 + 4/(-18)?
0
Suppose -5*x + a + 140 = -3*a, -3*x + 4*a + 92 = 0. What is the units digit of 0 + -1 - x/(-4)?
5
What is the units digit of (3 - 18)*9/(-15)?
9
Let a(w) be the third derivative of -w**6/720 + 3*w**5/40 - w**4/24 + 4*w**2. Let j(b) be the second derivative of a(b). What is the units digit of j(7)?
2
Let p(f) = f**2 + 7. Let v be p(0). Suppose 76 = -3*s + v*s. What is the tens digit of s?
1
Suppose -2*b = -2*z - 2*z - 80, -3*b + 4*z + 118 = 0. What is the tens digit of b?
3
Let v(m) = 15 + 2*m - 6 - m. Let c be v(-6). What is the units digit of ((-3)/2)/(c/(-16))?
8
Suppose 0 = -3*t - 5*b + 928, 5*b - 644 = -2*t + 8*b. What is the hundreds digit of t?
3
Let t = -4 - -6. Suppose -t*k = k - 144. Let j = k - 34. What is the tens digit of j?
1
Let k be (3/3 + -3)/(-2). Let a = 3 + k. Suppose -a*f = -30 - 6. What is the units digit of f?
9
Suppose 0 = 2*b - 111 - 1. Suppose 4*s - s = 15. Suppose -j - b = -s*j. What is the units digit of j?
4
Let i be 2/(1/(87/(-6))). Let k = -18 - i. What is the units digit of k?
1
Suppose 256 = 5*w + 3*p - 1554, 2*w - 3*p = 703. What is the units digit of w?
9
Let h = -19 + 56. Let m = 17 + h. What is the tens digit of m?
5
What is the units digit of (-1)/(-2)*(63 + 29)?
6
Let n = 8 + -6. Suppose -3*l + 27 = 2*a - 4*l, n*l = -4*a + 58. What is the tens digit of a?
1
Let a = -28 + 110. What is the tens digit of a?
8
Suppose -2*m = -5*m + 27. Suppose 5*t + 2*b = 22, 0*t = 2*t + b - m. What is the units digit of t?
4
Let a(u) = 41*u + 1. Suppose -i = 4 - 5. What is the tens digit of a(i)?
4
Suppose 0*v + 76 = -2*v. Let h = v - -64. What is the units digit of h?
6
Let s(o) = o**2 - 8*o + 8. Let g be s(7). Suppose g + 23 = h. Suppose -3*t = -5*t + h. What is the tens digit of t?
1
Suppose -q = 2*x - 4*x + 2, 27 = -q - 3*x. Let n(t) = -t + 10. Let h be n(8). What is the units digit of (-1 + 0)*q/h?
6
Let q(v) = -22*v**3 + 6*v**2 + 9*v + 4. What is the units digit of q(-2)?
6
Let l be (-18)/3 + (4 - 1). Let j = l + 17. What is the units digit of j?
4
Suppose 0 = 4*d + 4*c - 48, 0 = 5*c - 12 - 3. What is the units digit of ((-6)/d)/(-1)*21?
4
Suppose 3*k - 8*p + 4*p - 257 = 0, 2*k - 2*p = 174. What is the units digit of k?
1
Let a(k) = -35*k + 90. What is the tens digit of a(-9)?
0
Let d be ((-2)/(-5))/(6/(-30)). Let z be d + 7 + (-1)/1. Suppose 6*p - 2*p = 4*s - 24, z*p = -2*s + 30. What is the units digit of s?
9
Let c = 3 + 47. What is the tens digit of c?
5
Let s be 0 + (2 - (1 + 1)). Suppose s = -4*l + l + 90. What is the units digit of l?
0
Let q be (-3)/(-6)*2*2. Let d(w) = -6 + 1 - 2 + q*w. What is the units digit of d(7)?
7
Suppose i = 5*i. Let o be i*(-4 + 2 + 1). Suppose -3*y + 2 = 4*f, y + o*y - f - 10 = 0. What is the units digit of y?
6
Let c(d) be the first derivative of -d**3/3 - 6*d**2 - 3*d + 4. What is the units digit of c(-8)?
9
Let o be 2/(8/2 - 3)*2. Let w = 23 - 0. Suppose 0 = 2*a - 1 - 3, -o*a = 3*b - w. What is the units digit of b?
5
What is the tens digit of 0 + -4 + 240/6?
3
Let n(r) = -r**2 + 3*r + 1. Let y be n(3). Let v be 0 + 4/2 + y. Suppose -4*u = -5*u + v. What is the units digit of u?
3
Let g = -81 - -176. What is the tens digit of g?
9
Suppose 4*q = 19 + 1. Let w = q - 3. Suppose 2*i + 10 = v, 4*i + w + 12 = -v. What is the units digit of v?
2
Let b = 12 + 180. Suppose 4*u = 4*r + b, 2*r + 58 = u - r. What is the units digit of u?
3
Let d be (3/(-2 - 1))/(-1). Let r(u) = -2*u - 1. Let i be r(d). What is the units digit of (-28)/6*i/2?
7
Suppose 4*a - 2*l - 310 = 0, 44 = a - 3*l - 26. What is the tens digit of a?
7
Let m be (-50)/(-15)*(8 - -1). Suppose c + 4*c - m = 0. What is the units digit of c?
6
Suppose -4*p - 5*m + 26 = 0, 6 = -0*p + 4*p - 5*m. Suppose 0*n - 2*n = -p. What is the units digit of n?
2
Let c be 38/2*8/8. Let j = 43 - c. What is the units digit of j?
4
Let q be 6/9 + (-20)/(-6). Suppose -5*l = 5*o + 68 - 228, q*l - 156 = -5*o. What is the tens digit of o?
2
Suppose 3*r - 4 = -1. Let t = -2 + r. What is the units digit of 6*((-6)/(-4) + t)?
3
Suppose -2*x - 64 = -4*q, x + 6 = q - 24. Let a = x - -18. What is the units digit of -6*(a/3 + 2)?
8
Let a = 60 + -54. What is the units digit of a?
6
Let u be (4 - 6) + (5 - 1). Suppose 7*w - 4*w = u*n + 20, 0 = 4*w + 3*n - 4. Suppose -3*a - w*z + 44 = 0, -z = -a + 3*z - 12. What is the units digit of a?
8
Suppose -372 = -2*i + 2*m, -4*i + 2*m + 933 = i. What is the hundreds digit of i?
1
Let t = 11 + -7. Suppose -t*m - v + 13 = 0, 8 = 4*m + v - 5*v. Suppose -3*x + 83 = 5*s, m*s - 2*x - 61 = -x. What is the tens digit of s?
1
Suppose -l = l + 4. Let t = 2 - l. What is the tens digit of (1 - -10) + 0/t?
1
Let i(b) = -b**3 + 2*b**2 - 3*b + 1. Let l be i(2). Let x(v) = -3*v**3 - v**2 + v. Let t be x(1). Let m = t - l. What is the units digit of m?
2
Suppose -3*c - 15 = 0, -c - 4 - 17 = -4*y. Suppose y*b = 7*b - 96. What is the tens digit of b?
3
Suppose -5*i + 143 - 13 = 0. What is the tens digit of i?
2
Let u be (1/(-2))/(1/(-30)). Suppose 0*w = 3*w + u. Let g(x) = -x**3 - 6*x**2 - 7*x - 4. What is the units digit of g(w)?
6
Let k = -2 - -124. What is the units digit of k?
2
Suppose 0 = 5*m - 0*m - 670. Let k(o) = -o**2 + o + 2. Let z be k(3). What is the tens digit of z/10 - m/(-10)?
1
Suppose 12*f - 10*f = 2. What is the units digit of f?
1
Suppose 3*o - 3 = -2*d + 8, 3*o - 12 = -3*d. Suppose -3*g - 5*z = 9 - d, -2*g = -2*z - 16. What is the units digit of g?
4
Suppose -12 = -4*l + 4*q, 5*l + 4*q = 81 - 30. Let b(k) = k**2 - 5*k - 10. What is the units digit of b(l)?
4
Suppose r + 0 = 2. Suppose 66 = 4*p - 6. Suppose -r*a + 4 = 0, -4*a = -0*z - 2*z + p. What is the units digit of z?
3
Suppose -3 = z - 5. Suppose i - 4*a + 11 = a, -17 = -i - z*a. What is the units digit of i?
9
Suppose 664 = 2*r - 4*n - 14, -5*r - 4*n = -1625. What is the units digit of r?
9
Suppose 4*r - 78 = 306. Suppose 5*j - 2*v + 28 = 127, 4*j = -4*v + r. What is the units digit of j?
1
Suppose -2*b - 3*d - 5 = 0, -3*d - 9 = -3*b + 6. Suppose 2*o - b + 0 = 0. What is the units digit of o?
1
Let b be -1 + 1